
{"id":55,"date":"2018-07-09T13:51:24","date_gmt":"2018-07-09T11:51:24","guid":{"rendered":"http:\/\/www.herrenabend-sport-verein.de\/?page_id=55"},"modified":"2018-07-09T20:02:32","modified_gmt":"2018-07-09T18:02:32","slug":"startseite","status":"publish","type":"page","link":"https:\/\/www.herrenabend-sport-verein.de\/","title":{"rendered":"Startseite"},"content":{"rendered":"<h2 align=\"center\">WARNUNG!<\/h2>\n<h5 align=\"center\"><span style=\"font-family: Verdana;\">Alle Figuren und Ereignisse auf dieser Seite, auch solche, die sich auf reale Personen beziehen, sind frei erfunden. Die Nachrichten und Interviews sind nur ausgedacht, und zwar schlecht. Die folgende Seite enth\u00e4lt viele schlimme W\u00f6rter und sollte deshalb von niemandem angesehen werden. Im Ernst: Der Webmaster distanziert sich ausdr\u00fccklich von den Inhalten der Bereiche &#8222;Mitglieder&#8220;, &#8222;Nachrichten&#8220;, &#8222;Fotos&#8220;, &#8222;Forum&#8220; und &#8222;G\u00e4stebuch&#8220;. F\u00fcr die dortigen Inhalte sind allein die jeweiligen Urheber verantwortlich. Wo es krass zu werden scheint, ist es im Zweifelsfall satirisch zu interpretieren.\u00a0<\/span><\/h5>\n<h5 align=\"center\">\n<p><b><span style=\"color: #ff0000; font-family: Verdana; font-size: small;\">Dies ist\u00a0<i>keine<\/i>\u00a0offizielle Comunio-Seite!<br \/>\nWer unter 18 ist und\/oder derben Humor anst\u00f6\u00dfig findet, wird ausdr\u00fccklich aufgefordert, diese Seite zu verlassen<\/span><\/b><\/h5>\n","protected":false},"excerpt":{"rendered":"<p>WARNUNG! Alle Figuren und Ereignisse auf dieser Seite, auch solche, die sich auf reale Personen beziehen, sind frei erfunden. Die Nachrichten und Interviews sind nur ausgedacht, und zwar schlecht. Die folgende Seite enth\u00e4lt viele schlimme W\u00f6rter und sollte deshalb von niemandem angesehen werden. Im Ernst: Der Webmaster distanziert sich ausdr\u00fccklich von den Inhalten der Bereiche &hellip; <a href=\"https:\/\/www.herrenabend-sport-verein.de\/\" class=\"more-link\"><span class=\"screen-reader-text\">Startseite<\/span> weiterlesen<\/a><\/p>\n","protected":false},"author":1,"featured_media":0,"parent":0,"menu_order":0,"comment_status":"closed","ping_status":"closed","template":"","meta":[],"_links":{"self":[{"href":"https:\/\/www.herrenabend-sport-verein.de\/index.php\/wp-json\/wp\/v2\/pages\/55"}],"collection":[{"href":"https:\/\/www.herrenabend-sport-verein.de\/index.php\/wp-json\/wp\/v2\/pages"}],"about":[{"href":"https:\/\/www.herrenabend-sport-verein.de\/index.php\/wp-json\/wp\/v2\/types\/page"}],"author":[{"embeddable":true,"href":"https:\/\/www.herrenabend-sport-verein.de\/index.php\/wp-json\/wp\/v2\/users\/1"}],"replies":[{"embeddable":true,"href":"https:\/\/www.herrenabend-sport-verein.de\/index.php\/wp-json\/wp\/v2\/comments?post=55"}],"version-history":[{"count":3,"href":"https:\/\/www.herrenabend-sport-verein.de\/index.php\/wp-json\/wp\/v2\/pages\/55\/revisions"}],"predecessor-version":[{"id":137,"href":"https:\/\/www.herrenabend-sport-verein.de\/index.php\/wp-json\/wp\/v2\/pages\/55\/revisions\/137"}],"wp:attachment":[{"href":"https:\/\/www.herrenabend-sport-verein.de\/index.php\/wp-json\/wp\/v2\/media?parent=55"}],"curies":[{"name":"wp","href":"https:\/\/api.w.org\/{rel}","templated":true}]}}